mber?
False
Is 358412245 a composite number?
True
Is 128843563 a prime number?
False
Is 1291739 composite?
True
Is 10595477 prime?
True
Is 2959783 a composite number?
False
Is 3681914 a composite number?
True
Is 214317347 a composite number?
False
Is 5695619 a prime number?
True
Is 291119 prime?
False
Is 312157 a prime number?
False
Is 306716743 prime?
True
Is 2173739 a prime number?
False
Is 111215095 a composite number?
True
Is 2520163 a composite number?
True
Is 1162559 a prime number?
True
Is 70594042 composite?
True
Is 56465551 prime?
False
Is 2193623 prime?
False
Is 1033441 prime?
True
Is 20033303 prime?
False
Is 137123981 a prime number?
True
Is 16090631 prime?
False
Is 586517 a prime number?
False
Is 1547111 a prime number?
False
Is 84368719 prime?
False
Is 3515579 a composite number?
True
Is 1811917 prime?
False
Is 26689191 prime?
False
Is 5288167 a prime number?
True
Is 63549067 prime?
False
Is 77177377 a composite number?
False
Is 4284659 prime?
True
Is 135669803 a prime number?
True
Is 66643183 composite?
True
Is 1289459 prime?
True
Is 32861083 a prime number?
False
Is 271253 a composite number?
False
Is 279924199 a composite number?
True
Is 69291149 a composite number?
False
Is 234939013 prime?
True
Is 663121507 prime?
True
Is 43914679 composite?
False
Is 31534507 a composite number?
True
Is 70197 composite?
True
Is 19187579 composite?
False
Is 208133 a prime number?
False
Is 5385131 a composite number?
False
Is 3455299 a prime number?
False
Is 18510733 a prime number?
True
Is 18999737 prime?
False
Is 7532849 a prime number?
False
Is 101600333 prime?
False
Is 20690287 a prime number?
False
Is 14504699 a composite number?
True
Is 83377694 a composite number?
True
Is 22728689 composite?
False
Is 1476401 a composite number?
False
Is 6282481 a prime number?
True
Is 6412255 prime?
False
Is 4368629 a composite number?
False
Is 394170739 a prime number?
True
Is 7096249 composite?
False
Is 6054817 a prime number?
True
Is 3681083 composite?
True
Is 52571093 a prime number?
False
Is 179269369 composite?
True
Is 91528621 a composite number?
True
Is 306583 a prime number?
False
Is 163436987 prime?
False
Is 1796819 a prime number?
True
Is 35169499 a prime number?
False
Is 17157583 a composite number?
False
Is 12826871 a prime number?
True
Is 4508431 a composite number?
False
Is 150681967 a prime number?
True
Is 23792921 prime?
False
Is 56218991 a composite number?
False
Is 1129669 prime?
False
Is 77088407 prime?
False
Is 124669 a prime number?
True
Is 238499 a prime number?
True
Is 2272307 composite?
True
Is 9445283 prime?
True
Is 56631737 a composite number?
False
Is 3235069 a prime number?
True
Is 1586147 a prime number?
True
Is 66944843 prime?
False
Is 700928729 a prime number?
True
Is 73092287 a composite number?
False
Is 555035641 composite?
False
Is 6448807 a prime number?
True
Is 97242647 a composite number?
True
Is 287131027 composite?
False
Is 71172259 composite?
True
Is 12647051 a composite number?
False
Is 46916963 composite?
False
Is 25338491 a composite number?
False
Is 1168567 composite?
True
Is 507643 composite?
True
Is 85815239 a prime number?
True
Is 47309507 a prime number?
False
Is 14308199 a prime number?
True
Is 305663 composite?
False
Is 5261983 composite?
False
Is 3613349 a composite number?
False
Is 4476133 a prime number?
True
Is 171652853 prime?
True
Is 3004943 a composite number?
False
Is 13674757 composite?
False
Is 78920617 prime?
False
Is 88761241 a composite number?
False
Is 10797797 a prime number?
False
Is 29158993 a prime number?
True
Is 938479 prime?
False
Is 992701 a composite number?
False
Is 11866447 a prime number?
False
Is 204524291 a composite number?
False
Is 7289549 composite?
True
Is 68705435 a composite number?
True
Is 5010587 a composite number?
True
Is 92609 prime?
False
Is 6153569 composite?
True
Is 39917131 a composite number?
False
Is 2671231 composite?
False
Is 1050265891 composite?
False
Is 4873129 a prime number?
True
Is 96119501 a composite number?
False
Is 1805219 prime?
False
Is 1151287 a composite number?
False
Is 35720331 a prime number?
False
Is 2070733537 a prime number?
True
Is 31913501 prime?
True
Is 5236879 composite?
False
Is 36825343 a composite number?
False
Is 26764247 a prime number?
False
Is 88922233 prime?
True
Is 263117963 composite?
False
Is 30200227 a composite number?
False
Is 135977 a prime number?
True
Is 3650051 a prime number?
True
Is 51698629 composite?
True
Is 2956897 prime?
True
Is 540018851 a composite number?
False
Is 1074229 composite?
True
Is 860017 prime?
False
Is 192159301 composite?
False
Is 186050323 prime?
False
Is 100281361 a prime number?
True
Is 54271103 prime?
True
Is 43880069 a prime number?
True
Is 1758433 prime?
True
Is 335563 a composite number?
True
Is 1499923 a prime number?
False
Is 6980587 a composite number?
False
Is 148649177 a composite number?
False
Is 6064213 a composite number?
False
Is 21950651 composite?
True
Is 11790035 composite?
True
Is 5024923 a composite number?
True
Is 152371547 a prime number?
False
Is 659371 composite?
False
Is 148989 a prime number?
False
Is 52455449 a composite number?
False
Is 2076563 a prime number?
True
Is 14929243 prime?
False
Is 34520051 a prime number?
False
Is 538714153 a composite number?
False
Is 834011 composite?
True
Is 25251571 a composite number?
False
Is 162063743 prime?
True
Is 65167837 composite?
True
Is 8979029 prime?
True
Is 7220659 prime?
False
Is 804169 a prime number?
False
Is 70437659 a composite number?
True
Is 24369427 a prime number?
True
Is 11010907 a composite number?
False
Is 260205731 a composite number?
False
Is 361698769 a prime number?
False
Is 32549041 prime?
False
Is 167777021 a composite number?
False
Is 1166789 prime?
False
Is 7561063 composite?
False
Is 651435407 prime?
False
Is 126901831 composite?
True
Is 19950421 prime?
True
Is 17843057 a prime number?
True
Is 61082719 a composite number?
True
Is 8993233 a prime number?
True
Is 11473019 a composite number?
False
Is 7637971 composite?
True
Is 6351923 a prime number?
False
Is 260738467 composite?
True
Is 23520853 a composite number?
False
Is 9517601 a composite number?
False
Is 46979873 a prime number?
True
Is 170986709 a prime number?
False
Is 249081643 composite?
False
Is 6058421 prime?
True
Is 20539913 prime?
False
Is 10525947 composite?
True
Is 1026676823 a composite number?
False
Is 2546333 a prime number?
False
Is 4528099 composite?
True
Is 4286047 composite?
False
Is 25345883 a prime number?
True
Is 193309581 a composite number?
True
Is 4357751 composite?
True
Is 7255951 prime?
True
Is 36888373 a composite number?
True
Is 495850231 a prime number?
True
Is 4137274 composite?
True
Is 417986 prime?
False
Is 259664257 a composite number?
False
Is 237965073 a prime number?
False
Is 57470797 composite?
False
Is 44969327 a composite number?
True
Is 72203897 composite?
False
Is 2115343 a prime number?
True
Is 2380751 prime?
True
Is 1377269 a composite number?
False
Is 60821 composite?
False
Is 6164929 a prime number?
True
Is 268825537 a composite number?
True
Is 573622289 a prime number?
True
Is 19855123 composite?
False
Is 97456553 prime?
True
Is 5957117 a prime number?
True
Is 971014061 a prime number?
True
Is 100237 a prime number?
True
Is 1557991 prime?
True
Is 1615378 prime?
False
Is 15595787 a prime number?
True
Is 158218987 composite?
True
Is 199397 prime?
False
Is 2408963 a prime number?
False
Is 1272553 composite?
True
Is 102085541 a composite number?
False
Is 3271321 prime?
True
Is 299267 prime?
False
Is 26575859 composite?
True
Is 45884537 prime?
False
Is 53913517 composite?
True
Is 14005562 a composite number?
True
Is 433956451 prime?
True
Is 6481351 a prime number?
False
Is 27245369 a prime number?
True
Is 449453 a prime number?
False
Is 1740157 a composite number?
True
Is 32772445 composite?
True
Is 184481691 a prime number?
False
Is 24372989 composite?
False
Is 85875571 composite?
False
Is 38192331 prime?
False
Is 3209797 prime?
True
Is 27909523 prime?
False
Is 89434343 a composite number?
False
Is 2508239 composite?
True
Is 8567809 a composite number?
False
Is 42525641 a composite number?
False
Is 452611 a prime number?
True
Is 4970149 a prime number?
False
Is 14999 composite?
True
Is 1263217 composite